ermine p(m).
-5
Let k(o) = -6*o + 20. Let p(u) = -2*u + 7. Let c(t) = 3*k(t) - 8*p(t). Calculate c(3).
-2
Let i(u) = -u**2 - 9*u - 9. Suppose -2*y + 10 = -3*o, -o + 5*y + 18 = 4. Calculate i(o).
9
Let y(s) = -2*s + 6. Let p(b) = -b**3 + 8*b**2 + b - 3. Let k be p(8). What is y(k)?
-4
Let n(x) = x**3 - 7*x**2 + 4*x + 14. Let d be n(6). Let h(l) = d - 3*l**2 - l**2 + 3*l**2 - 5*l. Give h(-6).
-4
Let p(f) = -2*f**3 - 4*f**2 - 2*f + 2. Suppose -3*s - 1 = 5. Let h be 3 - 0/s - 5. Determine p(h).
6
Suppose 2*p + 4*v = -v + 17, 4*v = -5*p. Let x be ((-8)/10)/(p/(-10)). Let o(c) = -2*c**2 - 2 - c**2 - c**3 + 1 - 3*c. Give o(x).
1
Let k(u) = -2*u - 4. Let m be k(-2). Let j(c) = c**2 + c + 5. Determine j(m).
5
Suppose -g + 3 = 2. Let h(l) = -2*l + 2*l + 5*l**2 + 1. What is h(g)?
6
Let d be (-21)/(-6)*2 + (0 - 1). Let y(o) = 3*o - 9. Determine y(d).
9
Let t(m) = 5*m**2 - 2. Let c(n) = -n**2 + 5*n + 16. Let u be c(7). Determine t(u).
18
Let g(j) = 1 - j**2 + 0 + 0*j**3 - 2*j**3. Let s be g(-1). Suppose 1 = l, -6*l + s*l = 2*m. Let u(q) = q**2 + q - 1. Determine u(m).
1
Let v(t) = t**3 + 2*t**2 - 1. Let z be 19/4 + (-1)/(-4). Let k(y) = -y**3 + 6*y**2 + 7*y - 4. Let w be k(7). Let g = w + z. Determine v(g).
2
Let y = -12 - -17. Let x(i) = -2*i**2 - 3*i - 2. Let n(g) = 5*g**2 + 9*g + 6. Let a(m) = -3*n(m) - 8*x(m). Give a(y).
8
Let v(d) = -d**2 - d**2 - 4*d + 2 + 1 + d. What is v(-3)?
-6
Let s(u) be the third derivative of 0 - 1/24*u**4 + 3/2*u**3 + 0*u - 2*u**2. Suppose 3*p = 6*p. Determine s(p).
9
Let o be ((-66)/(-9))/(1/(-3)). Let a = 15 + o. Let n(t) = -t - 5. What is n(a)?
2
Let r(w) = 5*w**2 + 7*w + 2. Let j(s) = -6*s**2 - 8*s - 2. Let v(u) = -4*j(u) - 5*r(u). Determine v(-2).
0
Let y(z) be the third derivative of z**5/30 + z**4/24 + 4*z**2. Calculate y(-2).
6
Let o(x) be the second derivative of -x**3/6 - x. Suppose 0 = 3*w + 2*a - 3*a - 24, 8 = w - 3*a. Suppose -2*c - 2*c = w. Determine o(c).
2
Let t(r) = -r**2 - 5*r - 5. Suppose 4*o - 11 = -27. Give t(o).
-1
Let r(h) = -7*h. Let a(m) = 15*m + 1. Let u(j) = -6*a(j) - 13*r(j). Suppose 4*n = -4*s - 32, 0*s - 16 = -3*n + 5*s. Let d be 1 + (10 - 3) + n. What is u(d)?
-1
Let i(t) = t**3 + 3*t**2 + 2. Let f be i(-3). Let a(w) = f*w + w**3 + 2*w**3 + 5 - 4*w**3 - 5*w**2. Suppose 21 + 4 = -5*k. What is a(k)?
-5
Let a(o) = o**2 + 2*o - 2. Suppose 4*m + 4*k + 20 = 0, 0*m + 3*k = m + 1. Let h be a(m). Let t(j) = j**3 - 7*j**2 + 5*j + 6. What is t(h)?
0
Let s(j) be the second derivative of 5*j**3/3 - j**2/2 + j. Let q be 1 + (-2 - -2)/1. Give s(q).
9
Let j = 14 + -9. Suppose -z + 5*o + 9 = 0, 5*z + j*o = 18 - 3. Let g(b) be the first derivative of b**3/3 - 3*b**2 + 2*b + 13. What is g(z)?
-6
Let a(n) = -n**2 + 7*n + 1. Suppose -7*u - 5 + 54 = 0. Calculate a(u).
1
Let h(d) = d**3 + 3*d**2 + d - 2. Let k(o) = o**3 + 5*o**2 - 3*o - 4. Let v be k(-5). Let g = 9 - v. What is h(g)?
0
Let w(x) = 2*x + x - 2*x + 5 - 6. Give w(-7).
-8
Suppose 0 = 3*f + 4*g + 12, -4*g = g. Let s(n) = n**3 + 4*n**2 - n - 3. Let k be s(f). Let j(w) = 3*w + 1. Give j(k).
4
Let s(o) = o**3 - o**2 + 3*o - 2. Let f(d) = -d**2 - d + 1. Let w(u) = -f(u) - s(u). Let y = -15 - -18. Let g = y + -1. Give w(g).
-3
Let i = -6 - -11. Suppose i*p + r - 31 = 0, p - r - 2 - 3 = 0. Suppose 2*z + 0*z - p = 0. Let k(m) = -2*m**2 + 3*m + 1. Give k(z).
-8
Let w(u) = -1 - 3*u + 2 - 13 + 0. What is w(-5)?
3
Let g(p) be the third derivative of p**7/2520 - p**6/144 + p**4/6 - 4*p**2. Let i(b) be the second derivative of g(b). Let y be (-4)/14 - (-37)/7. What is i(y)?
0
Let a(t) = -3077*t + 3077*t + 3*t**2 - 2. What is a(-2)?
10
Let b(g) = g**3 - 5*g**2 + 3*g. Let v be 60/14 + (-4)/14. What is b(v)?
-4
Suppose -3*p + 0*p - 9 = 0. Let d(q) = -4*q**2 - 10*q. Let w(o) = o**2 + o. Let u(f) = p*w(f) - d(f). Calculate u(-6).
-6
Let w(y) = y - 3. Let z = -35 - -40. Calculate w(z).
2
Let k(v) = 0*v**3 - 1 - v + 3*v + v**3. Let u(o) = -2*o - 11. Let i be u(-6). Determine k(i).
2
Let c(k) = k**2 + 7*k - 1. Let t(m) = m**3 - 4*m**2 - 5*m - 7. Let n be t(5). What is c(n)?
-1
Let o(y) = -2*y - 2. Suppose -3*u - 4*f + 1 - 3 = 0, -1 = -u - f. Calculate o(u).
-14
Let f(b) be the second derivative of 0*b**2 + 1/2*b**3 + 9*b + 0. What is f(1)?
3
Let n(b) = -b + 17. Let k = 22 - 22. Determine n(k).
17
Let i(b) be the first derivative of -2*b**3/3 + 3*b**2/2 - 2*b - 1. Let f = 5 + -3. Suppose -3*v = -4*s + 17, 2*s + f = -3*v + v. Calculate i(s).
-4
Let u = -9 - -6. Let j(r) be the second derivative of 5/6*r**3 + r**2 + 0 - r + 1/12*r**4. Calculate j(u).
-4
Let y(q) = q**3 - 9*q**2 + 11*q - 12. Let w be y(8). Suppose -s = -5*s + w. Let n(z) = 4*z - 3*z - s + 0*z + 2. Give n(0).
-1
Let c = -69 - -69. Let w(l) = l**3 + l + 5. Determine w(c).
5
Let p(h) be the first derivative of -h**3/3 - 3*h**2/2 + h + 3. Let s be 0 - 3*8/(-12). Give p(s).
-9
Let f(i) be the second derivative of -i**6/120 + i**4/12 + i**3/6 - 3*i**2/2 - 3*i. Let y(w) be the first derivative of f(w). Suppose 2*m + 2 = 6. Give y(m).
-3
Let h(q) = -2*q + 6. Suppose -3*z + 3*g = -21, -g + 18 = 5*z - 17. Give h(z).
-8
Let o(g) = -7*g**3 - 3*g**2 + 3*g - 1. Let a(n) = 29*n**3 + 13*n**2 - 13*n + 5. Let x(r) = -2*a(r) - 9*o(r). Calculate x(-1).
-4
Let w(x) = -x - 17. Suppose 20*q - 28 = 24*q. What is w(q)?
-10
Let k = 148 - 144. Let p(z) = z**3 - 4*z**2 + z - 3. What is p(k)?
1
Suppose 5 + 1 = -3*o. Let y(d) be the third derivative of -d**6/60 + d**4/12 + d**2. Give y(o).
12
Suppose -t + 6*t = 25. Let d(a) = a + a - 2 + t. What is d(3)?
9
Let d(k) be the second derivative of k**3 - 3*k + 1/2*k**2 - 1/3*k**4 - 1/20*k**5 + 0. Let v be 0 - -1 - (0 + 6). Calculate d(v).
-4
Let i(n) = -n. Let r(h) = 4*h - h**2 - 2 + 4 - h. Let x(q) = -i(q) - r(q). Calculate x(4).
6
Let g = 5 + -2. Let a(s) = 0*s + 0*s**3 - 3*s**3 + 1 - s**2 - s - s**g. Give a(1).
-5
Let m(q) = 9*q**2. Let n be m(-1). Let b = n + -14. Let a(c) = -c**2 - 4*c + 4. Give a(b).
-1
Let q(y) = -y**3 + 6*y**2 - 4*y + 2. Let m = 56 + -39. Suppose 2*s - s - 3*l = m, 5*l = 2*s - 29. Calculate q(s).
10
Let q(z) be the first derivative of z**4/4 - 4*z**3/3 + z**2 - 2*z + 62. Suppose 0 = 2*n - 0*n - 8. Give q(n).
6
Let r(c) be the third derivative of -1/12*c**5 + 0*c**3 - 1/24*c**4 + 1/120*c**6 + 0*c + 2*c**2 + 0. Determine r(5).
-5
Let n(s) be the first derivative of 5*s + 2*s**3 + 1/4*s**4 - 2 + 1/2*s**2. Calculate n(-6).
-1
Let c(a) = -3*a**2 + 2. Let o(u) = 13*u**2 - 7. Let s(f) = 9*c(f) + 2*o(f). Suppose -2*b - 3*j = -3*b + 2, 0 = -4*b - 5*j - 9. Let n be -5*b/5*3. What is s(n)?
-5
Let k(w) = 2*w + 13. Suppose 9*q = 4*q - 50. Give k(q).
-7
Let u be 20/(-24) - 1 - (-2)/(-12). Let q(j) = 7*j**2 + 2*j + 3. Determine q(u).
27
Suppose 0 = 3*j - 13 - 20. Let m(v) = v - 4*v - 9*v**2 + j*v**2. Suppose -5*f + 9 + 1 = 0. Determine m(f).
2
Let d(c) = -2*c - 3. Let p(j) = j**3 + 13*j**2 + j + 9. Let a be p(-13). Determine d(a).
5
Let k(j) = -j**3 - 6*j**2 - 6*j + 3. Suppose 3*g + 0*g + 15 = 0. Give k(g).
8
Suppose u = 1 - 6. Let a(v) = 1. Let z(r) = r + 1. Let c(t) = -4*a(t) - z(t). Let w be c(u). Let n(y) = -y**2 - y - 9. Determine n(w).
-9
Let l(v) = v**3 - v**2 + 1. Let c(o) = o + 2. Let d be c(3). Let y(p) = 4*p**3 - 5*p**2 + p + 9. Let f(k) = d*l(k) - y(k). What is f(0)?
-4
Let c(q) be the first derivative of 3*q**4/2 - q**3/3 - q**2/2 - q + 3. Give c(-1).
-7
Let a(h) = 7*h**3 - 4*h**2 - 7. Let r(n) = -13*n**3 + 7*n**2 + n + 13. Let c(p) = 11*a(p) + 6*r(p). Suppose -3*t - 2*t - 20 = 0. Determine c(t).
9
Let r(l) = 2*l**2 - 4*l + 3. Let o(j) = -2*j**2 + 2*j - 2. Let s be o(2). Let k = -4 - s. Calculate r(k).
3
Let i(l) = -3*l**2 + 4*l + 1. Suppose -3*b + 3 = -6. Calculate i(b).
-14
Let d be -2*3/(-2 + -1). Suppose 9 = -d*k - t + 22, 5*k = -t + 28. Let u(x) = -x**3 - 1 + 5*x - k*x. What is u(-1)?
0
Let q(i) = i**2 - 3*i - 6. Let m(l) = l**2 - 6*l + 1. Let v be m(6). Let s = v - -1. Suppose 0 = -3*f - s*f + 25. Give q(f).
4
Let g(h) = -h**2 + 6*h + 1. Let r be g(6). Suppose -r + 7 = -2*w. Let t = -3 - w. Let l(x) = -x**3 - x**2 + x - 3. Calculate l(t).
-3
Suppose -6*r - 16 = w - r, 2*w - 1 = r. Let p(j) = -10*j**2 - 1. What is p(w)?
-11
Let g(z) = 5*z. Let o(f) = f**3 + 14*f**2 + 12*f - 11. Let i be o(-13). Give g(i).
10
Let d(x) = x**2 - 4*x + 1. Let n be d(3). Let j(c) be the t